nits digit of m?
6
What is the hundreds digit of 14349*2/21 + (-128)/224?
3
Let a(p) = 117*p**3 + p**2 + p - 1. Suppose 3*i + 2*i - 4*r - 1 = 0, 3*i - r = 2. What is the hundreds digit of a(i)?
1
What is the thousands digit of (-8)/64 - (-102405)/40?
2
Let o(g) = 56*g**2 + 22*g + 16. What is the thousands digit of o(-5)?
1
Suppose -62*l - 8*l = -89810. What is the tens digit of l?
8
Let v = 3562 + -781. What is the tens digit of v?
8
Suppose 4*b + x = 111, -4*b - 2*x - 25 + 139 = 0. Suppose -27 - b = -6*y. What is the units digit of y?
9
Suppose -174 - 164 = -2*s. What is the tens digit of s?
6
Let q(t) = 7*t**2 - 2*t - 5. Suppose -30 + 114 = -14*u. What is the tens digit of q(u)?
5
Let r(v) = 90*v**2 + 5*v - 4. Let i be (-1)/(-3) - 2/(-3). What is the tens digit of r(i)?
9
Suppose -f - 48 = -4*x, f - 5*f - 12 = -x. Suppose 880 = -4*b + x*b. What is the hundreds digit of b?
1
Suppose 0 = 58*y - 40*y - 36108. What is the hundreds digit of y?
0
Suppose -3*r - 2*r = 0. Let t(v) = 4*v**3 - 4*v**2 - 2 + 0*v + r*v - 3*v**3. What is the units digit of t(5)?
3
What is the thousands digit of (-2)/9 + (-801113)/(-549)?
1
Suppose 3*n = 2*n + 2*s + 239, 5*s - 433 = -2*n. Suppose -8 = 1015*l - 1017*l. Suppose 3*k = l*r + 2*k - n, -5 = 5*k. What is the tens digit of r?
5
Suppose -3*s + 2*j = 0, 0 = 3*s - 3*j + 3. Suppose -s = -3*x - i, x - 6*x + 10 = 5*i. Suppose x*l + l - 13 = 0. What is the units digit of l?
3
Suppose 2070 = 3*h + 2*o - 263, -2*h + 1550 = -4*o. What is the tens digit of h?
7
Suppose 2*b - 395 = -a - 3*b, a + 4*b - 396 = 0. Let r = -118 + a. What is the hundreds digit of r?
2
Suppose 2*w + h = 1977, -4*w + 7*h - 3*h + 3924 = 0. What is the units digit of w?
6
Let l be (83 - -2)*(9 + -8). Suppose -l - 87 = -2*g. What is the tens digit of g?
8
Let z = -94 - -1227. What is the tens digit of z?
3
Suppose -86*i = -91*i + 40. Let s(j) = -j**2 + 8*j + 22. What is the units digit of s(i)?
2
Let v be (-488)/(-6) - (-17)/(-51). Let f = -48 + v. What is the units digit of f?
3
Let s = 5005 + -3145. What is the tens digit of s?
6
What is the units digit of (-12)/22 + 638204/253?
2
Let a = 4473 - 3174. What is the units digit of a?
9
What is the units digit of -63 - -67 - (-9)/2*102?
3
Suppose 126 - 6 = 4*l. Let c = -26 + l. Suppose -w + 105 = c*w. What is the units digit of w?
1
Let c = 1778 - 856. What is the units digit of c?
2
Let b(f) = -22*f. Let r = 13 + -15. What is the units digit of b(r)?
4
Let o(f) = 3*f - 3 + 4 + 2 - 2*f. Let s be o(2). Suppose -2*m - m - 2*w + 12 = 0, m + 9 = -s*w. What is the units digit of m?
6
Let o be -1 - (-3 - (-1 - 1)). Suppose -5*l = o, t + 3*l = -3*t. Suppose t = -v - 3*v + 44. What is the units digit of v?
1
Let b be (8/(-6))/(12/(-90)). Suppose -a + 8 = -b. What is the units digit of a?
8
Suppose 2*l - 2 = 4. What is the tens digit of (6 + 20)*l/2?
3
Suppose -5*c + 3*y + 27 = 0, c + 3*y - 5*y - 4 = 0. Let o(w) = -2*w**2 - 3*w**2 - w - 8 + c*w**2. What is the units digit of o(4)?
4
Let g = 37 - 33. Suppose -c = 4*c - 20, 2*c + 208 = g*j. What is the units digit of j?
4
Suppose 4*d = -r + 272, -4*d + r + 41 + 231 = 0. Suppose -d = -6*u + 4*u. What is the tens digit of u?
3
Let m(f) = -7 + 3*f**2 - 2*f + 1 - f**2. Let z = -475 - -470. What is the units digit of m(z)?
4
Let w = 23 + -23. Suppose -u + 2*j = u - 84, 3*u + j - 126 = w. Suppose 2*h - 4 = -0*h, 3*h = 3*z - u. What is the units digit of z?
6
Suppose -5*z - 229 = -3*i - 4*z, 0 = -4*i - 4*z + 300. Let g = i + -6. What is the tens digit of g?
7
Suppose -x + 4812 = 3*j, 7*x - 3*x = -4*j + 6424. What is the tens digit of j?
0
Let u = -80 + 107. Suppose u*z - 31*z = -384. What is the tens digit of z?
9
Suppose 5*l - 25472 = 3*p, -p = 3*l + 1482 + 6990. What is the hundreds digit of p/(-48) - 6/8?
1
Let w(l) = -l**2 + 4*l - 9. Suppose 15 = 3*v - 3. Let p be w(v). Let t = 44 + p. What is the tens digit of t?
2
Let o = -6 - -64. What is the units digit of o?
8
Let u(l) = -l**2 - 24*l - 53. Let p be u(-22). What is the units digit of ((-12)/p)/((-6)/(-9)) - -29?
1
Let q(f) = -3*f**3 - 12*f**2 - f + 1. Let y(v) = 13*v**3 + 49*v**2 + 3*v - 5. Let h = -5 - -7. Let k(u) = h*y(u) + 9*q(u). What is the units digit of k(-10)?
9
Suppose 0 = 2*j + 3 + 3. Let o(f) = f**2 - 3*f + 1. Let w be o(j). Let a = 33 - w. What is the tens digit of a?
1
Let o be (-576)/42 - 10/35. Let x(i) = 6 + 15*i**2 - 10 + i**3 + 10*i - 11. What is the units digit of x(o)?
1
Let x(z) = z**2 - 2*z - 2. Let g be x(4). Let q be 81/15 - g/15. Let c(s) = 3*s + 12. What is the tens digit of c(q)?
2
Let c be ((-45)/(-4))/(12/32). Let h = c + 19. What is the tens digit of h?
4
Let o(u) = u**2 - 9*u + 17. Let h be o(5). What is the units digit of 30/(30/9 + h)?
0
Let s be (-20 - 0)/5 + 22. Let z = 32 + 15. Let d = z - s. What is the units digit of d?
9
Suppose 141 = j - 315. Suppose -3*k - j = -11*k. What is the units digit of k?
7
Let u(s) = 2*s - 9*s + 8*s + 17. Let b be u(-14). Suppose 77 = b*v - 4. What is the tens digit of v?
2
Suppose -2*z + 6*z = 500. Let o be (14 - -2)*(15/6 + -2). Suppose -z = 3*x - o*x. What is the units digit of x?
5
Suppose -2*f - 26 = -7*f - 3*v, 2*f - 2*v - 4 = 0. Let i(j) = -1 - 3*j - f + 3. What is the units digit of i(-7)?
9
Let g(w) = w**3 + 4*w**2 + 2*w - 7. Let r be g(-3). What is the tens digit of 37 - (-2)/(-6)*(10 + r)?
3
Let m = -16 - -300. What is the tens digit of m?
8
Let f be 2*195/(-12)*-14. What is the tens digit of 13/(f/30)*217?
8
Let l(o) = -2 - o**3 + 10*o**2 - 4 + 4 - 8*o. Suppose -4*a = -20, -u - 2*u = 2*a - 37. What is the units digit of l(u)?
7
Suppose -5*m + 46 = -119. What is the units digit of m?
3
Let k = 5 - -3. What is the units digit of -3*k/(-6)*15?
0
Let j(w) = w**2 + w. Let q(x) = x**2 - 13*x - 13. Let f be q(14). Let g be j(f). Suppose -g*p - 102 = -4*u, -56 = -2*u - p - 3*p. What is the units digit of u?
6
Suppose -2*f - 5 = -5*g, 7*f - 1 = 3*g + 5*f. Suppose 0 = r - g*r - 5*p + 545, -515 = -2*r + 5*p. What is the tens digit of r?
6
Let f be 36/27 - (-4)/(-3). Let a(x) = x**2 + 2*x + 10. Let n be a(f). Suppose s = 5*m + 5, 3*m + n = -4*s + 76. What is the tens digit of s?
1
Let j(c) be the third derivative of 0*c - 3*c**2 + 0 + 13/6*c**3 + 7/24*c**4 - 1/60*c**5. What is the tens digit of j(7)?
1
Suppose 0 = 15*g - 11*g - 3*z - 1282, -4*g + 4*z = -1284. What is the units digit of g?
9
Suppose 4*c = -5*j + 2138, -737 = -2*j + c + 126. What is the hundreds digit of j?
4
Let i(o) = -31*o. Suppose 3*p - 4 = 2*p + w, 5*p + 2*w = -8. Suppose 2*l + 5 - 3 = p. What is the tens digit of i(l)?
3
Let w(a) = 158*a**2 - 4*a + 21. What is the tens digit of w(3)?
3
Let v = 5054 + -1344. What is the hundreds digit of v?
7
Let p(u) = -u**2 - 5*u - 4. Let z be p(-4). Suppose 4*w - 90 + 14 = z. What is the tens digit of w?
1
Suppose 12 = -4*i, -3*i - 15 = 2*v + v. Let o(z) = -8*z**2 + 2*z. Let h be o(v). Let r = -4 - h. What is the tens digit of r?
3
Let b = 4 - 0. Suppose -b*w + 38 = -62. What is the tens digit of w?
2
Suppose -3*u = -j - 22, -4*j + 6 = u - 3*j. Let h = 20 + u. Let r = -10 + h. What is the tens digit of r?
1
Let o = 347 - -888. What is the hundreds digit of o?
2
Let k(m) = -21*m + 3. Let b(d) = -20*d + 2. Let v(r) = 4*b(r) - 3*k(r). Let j be v(-3). Suppose 0 = 5*p - 0*p - j. What is the tens digit of p?
1
Let p(o) = 382*o**2 - 3*o - 1. What is the thousands digit of p(2)?
1
Suppose 3*d + 2375 = 8*d + 5*l, -2*d + 940 = -3*l. What is the hundreds digit of d?
4
Suppose a - 5*a + 552 = 0. Suppose -2*m - a = -5*m. Suppose -5*b + m = -24. What is the units digit of b?
4
Let p(l) = -10*l**3 + 3*l**2 + 2*l + 2. Let v be p(-2). Let g = -53 - -77. Suppose 3*m + g = v. What is the tens digit of m?
2
Suppose 12*y - 4131 = 6249. What is the units digit of y?
5
Suppose 7*k = 11*k + 320. Let y = k + 208. What is the hundreds digit of y?
1
Let s(d) = 408*d**2 + 1. What is the tens digit of s(1)?
0
Let z(p) = 50*p**2 + 14*p + 7. What is the tens digit of z(-4)?
5
Let j = -5 + 4. Let f be (24/5)/(j/5). What is the units digit of f/(-1) + 3 + -4?
3
Suppose 0 = 22*o - 14*o - 1648. What is the hundreds digit of o?
2
Let x be 1*4/(-24) - (-505)/6. What is the tens digit of x + (20/(-5) - -8)?
8
What is the hundreds digit of (-9 - -15 - -4) + 858?
8
Suppose -97